{"id":482,"date":"2025-12-13T15:20:24","date_gmt":"2025-12-13T15:20:24","guid":{"rendered":"https:\/\/massageme.fr\/?page_id=482"},"modified":"2025-12-13T15:23:36","modified_gmt":"2025-12-13T15:23:36","slug":"spa","status":"publish","type":"page","link":"https:\/\/massageme.fr\/index.php\/spa\/","title":{"rendered":"Spa"},"content":{"rendered":"\t\t<div data-elementor-type=\"wp-page\" data-elementor-id=\"482\" class=\"elementor elementor-482\">\n\t\t\t\t<div class=\"elementor-element elementor-element-2c4cc45 e-flex e-con-boxed e-con e-parent\" data-id=\"2c4cc45\" data-element_type=\"container\">\n\t\t\t\t\t<div class=\"e-con-inner\">\n\t\t\t\t<div class=\"elementor-element elementor-element-cda4b45 elementor-widget elementor-widget-heading\" data-id=\"cda4b45\" data-element_type=\"widget\" data-widget_type=\"heading.default\">\n\t\t\t\t\t<h2 class=\"elementor-heading-title elementor-size-default\">Spa<\/h2>\t\t\t\t<\/div>\n\t\t\t\t\t<\/div>\n\t\t\t\t<\/div>\n\t\t<div class=\"elementor-element elementor-element-ae0db3c e-flex e-con-boxed e-con e-parent\" data-id=\"ae0db3c\" data-element_type=\"container\">\n\t\t\t\t\t<div class=\"e-con-inner\">\n\t\t\t\t<div class=\"elementor-element elementor-element-3cd04ab elementor-widget elementor-widget-image\" data-id=\"3cd04ab\" data-element_type=\"widget\" data-widget_type=\"image.default\">\n\t\t\t\t\t\t\t\t\t\t\t\t\t\t\t<img fetchpriority=\"high\" decoding=\"async\" width=\"1024\" height=\"683\" src=\"http:\/\/massageme.fr\/wp-content\/uploads\/2025\/12\/sap-1024x683.jpg\" class=\"attachment-large size-large wp-image-190\" alt=\"\" srcset=\"http:\/\/massageme.fr\/wp-content\/uploads\/2025\/12\/sap-1024x683.jpg 1024w, http:\/\/massageme.fr\/wp-content\/uploads\/2025\/12\/sap-300x200.jpg 300w, http:\/\/massageme.fr\/wp-content\/uploads\/2025\/12\/sap-768x512.jpg 768w, http:\/\/massageme.fr\/wp-content\/uploads\/2025\/12\/sap-1536x1024.jpg 1536w, http:\/\/massageme.fr\/wp-content\/uploads\/2025\/12\/sap.jpg 1600w\" sizes=\"(max-width: 1024px) 100vw, 1024px\" \/>\t\t\t\t\t\t\t\t\t\t\t\t\t\t\t<\/div>\n\t\t\t\t\t<\/div>\n\t\t\t\t<\/div>\n\t\t<div class=\"elementor-element elementor-element-6864b9f e-flex e-con-boxed e-con e-parent\" data-id=\"6864b9f\" data-element_type=\"container\">\n\t\t\t\t\t<div class=\"e-con-inner\">\n\t\t\t\t<div class=\"elementor-element elementor-element-de4e98a elementor-widget elementor-widget-text-editor\" data-id=\"de4e98a\" data-element_type=\"widget\" data-widget_type=\"text-editor.default\">\n\t\t\t\t\t\t\t\t\t<p>En saison estivale uniquement, je vous propose 30 minutes de spa avant le massage afin de commencer \u00e0 vous d\u00e9tendre.\u00a0<\/p><p>Plongez dans le spa avant le massage invite le corps et l&rsquo;esprit \u00e0 l\u00e2cher prise en douceur. La chaleur et les bulles d\u00e9tendent les muscles, apaisent les tensions et permettent au massage d&rsquo;agir plus profond\u00e9ment qu&rsquo;\u00e0 lui seul.<\/p><p>Le spa est \u00e0 l&rsquo;abris des regards en ext\u00e9rieur et est EXCLUSIVEMENT naturiste (maillot de bain interdit) pour hygi\u00e8ne.<\/p><p>Pour votre confort et votre s\u00e9curit\u00e9, la qualit\u00e9 et la propret\u00e9 de l&rsquo;eau du spa font l&rsquo;objet d&rsquo;un contr\u00f4le rigoureux avant chaque passage de client, avec un protocole syst\u00e9matique garantissant une eau parfaitement saine et s\u00e9curis\u00e9e.<\/p>\t\t\t\t\t\t\t\t<\/div>\n\t\t\t\t\t<\/div>\n\t\t\t\t<\/div>\n\t\t<div class=\"elementor-element elementor-element-29a86fa e-flex e-con-boxed e-con e-parent\" data-id=\"29a86fa\" data-element_type=\"container\">\n\t\t\t\t\t<div class=\"e-con-inner\">\n\t\t\t\t<div class=\"elementor-element elementor-element-b6cf487 elementor-widget elementor-widget-heading\" data-id=\"b6cf487\" data-element_type=\"widget\" data-widget_type=\"heading.default\">\n\t\t\t\t\t<h2 class=\"elementor-heading-title elementor-size-default\">R\u00e8gles du spa<\/h2>\t\t\t\t<\/div>\n\t\t\t\t\t<\/div>\n\t\t\t\t<\/div>\n\t\t<div class=\"elementor-element elementor-element-2f31467 e-flex e-con-boxed e-con e-parent\" data-id=\"2f31467\" data-element_type=\"container\">\n\t\t\t\t\t<div class=\"e-con-inner\">\n\t\t\t\t<div class=\"elementor-element elementor-element-1eb2b44 elementor-widget elementor-widget-text-editor\" data-id=\"1eb2b44\" data-element_type=\"widget\" data-widget_type=\"text-editor.default\">\n\t\t\t\t\t\t\t\t\t<p>Afin que ce moment d&rsquo;\u00e9vasion puisse \u00eatre v\u00e9cu dans des conditions optimales, merci de respecter ses quelques r\u00e8gles:<\/p><ul><li>Ponctualit\u00e9: bien arriver \u00e0 l&rsquo;heure du rendez-vous. Pour tout retard, je me r\u00e9serve le droit d&rsquo;\u00e9courter ou d&rsquo;annuler la s\u00e9ance afin de ne pas p\u00e9naliser le prochain client,<\/li><li>Respect: Il est interdit de manger, fumer dans le spa,<\/li><li>Hygi\u00e8ne primordiale: Douche OBLIGATOIRE est \u00e0 votre disposition et pilosit\u00e9 entretenue svp,<\/li><li>Nudit\u00e9 obligatoire dans le spa pour une question d&rsquo;hygi\u00e8ne,<\/li><li>T\u00e9l\u00e9phone pr\u00e9alablement \u00e9teint ou en mode avion,<\/li><li>Se rendre au rendez-vous avec la somme totale du tarif demand\u00e9 sans n\u00e9gociation possible.<\/li><\/ul>\t\t\t\t\t\t\t\t<\/div>\n\t\t\t\t\t<\/div>\n\t\t\t\t<\/div>\n\t\t<div class=\"elementor-element elementor-element-2af8557 e-flex e-con-boxed e-con e-parent\" data-id=\"2af8557\" data-element_type=\"container\">\n\t\t\t\t\t<div class=\"e-con-inner\">\n\t\t\t\t<div class=\"elementor-element elementor-element-1ce1239 elementor-widget elementor-widget-text-editor\" data-id=\"1ce1239\" data-element_type=\"widget\" data-widget_type=\"text-editor.default\">\n\t\t\t\t\t\t\t\t\t<p><strong>JE ME RESERVE LE DROIT D&rsquo;ANNULER OU ECOURTER UN RENDEZ-VOUS, SI IL Y A UN MANQUEMENT A CES REGLES<\/strong><\/p>\t\t\t\t\t\t\t\t<\/div>\n\t\t\t\t\t<\/div>\n\t\t\t\t<\/div>\n\t\t<div class=\"elementor-element elementor-element-6cc7651 e-flex e-con-boxed e-con e-parent\" data-id=\"6cc7651\" data-element_type=\"container\">\n\t\t\t\t\t<div class=\"e-con-inner\">\n\t\t\t\t<div class=\"elementor-element elementor-element-324bac3 elementor-mobile-align-center elementor-align-center elementor-invisible elementor-widget elementor-widget-button\" data-id=\"324bac3\" data-element_type=\"widget\" data-settings=\"{&quot;_animation&quot;:&quot;zoomIn&quot;}\" data-widget_type=\"button.default\">\n\t\t\t\t\t\t\t\t\t\t<a class=\"elementor-button elementor-button-link elementor-size-sm elementor-animation-wobble-vertical\" href=\"https:\/\/wa.me\/+33789099719\">\n\t\t\t\t\t\t<span class=\"elementor-button-content-wrapper\">\n\t\t\t\t\t\t\t\t\t<span class=\"elementor-button-text\">Prise de rendez-vous<\/span>\n\t\t\t\t\t<\/span>\n\t\t\t\t\t<\/a>\n\t\t\t\t\t\t\t\t<\/div>\n\t\t\t\t\t<\/div>\n\t\t\t\t<\/div>\n\t\t\t\t<\/div>\n\t\t","protected":false},"excerpt":{"rendered":"<p>Spa En saison estivale uniquement, je vous propose 30 minutes de spa avant le massage afin de commencer \u00e0 vous d\u00e9tendre.\u00a0 Plongez dans le spa avant le massage invite le corps et l&rsquo;esprit \u00e0 l\u00e2cher prise en douceur. La chaleur et les bulles d\u00e9tendent les muscles, apaisent les tensions et permettent au massage d&rsquo;agir plus [&hellip;]<\/p>\n","protected":false},"author":1,"featured_media":0,"parent":0,"menu_order":0,"comment_status":"closed","ping_status":"closed","template":"elementor_header_footer","meta":{"iawp_total_views":231,"footnotes":""},"class_list":["post-482","page","type-page","status-publish","hentry"],"_links":{"self":[{"href":"https:\/\/massageme.fr\/index.php\/wp-json\/wp\/v2\/pages\/482","targetHints":{"allow":["GET"]}}],"collection":[{"href":"https:\/\/massageme.fr\/index.php\/wp-json\/wp\/v2\/pages"}],"about":[{"href":"https:\/\/massageme.fr\/index.php\/wp-json\/wp\/v2\/types\/page"}],"author":[{"embeddable":true,"href":"https:\/\/massageme.fr\/index.php\/wp-json\/wp\/v2\/users\/1"}],"replies":[{"embeddable":true,"href":"https:\/\/massageme.fr\/index.php\/wp-json\/wp\/v2\/comments?post=482"}],"version-history":[{"count":10,"href":"https:\/\/massageme.fr\/index.php\/wp-json\/wp\/v2\/pages\/482\/revisions"}],"predecessor-version":[{"id":493,"href":"https:\/\/massageme.fr\/index.php\/wp-json\/wp\/v2\/pages\/482\/revisions\/493"}],"wp:attachment":[{"href":"https:\/\/massageme.fr\/index.php\/wp-json\/wp\/v2\/media?parent=482"}],"curies":[{"name":"wp","href":"https:\/\/api.w.org\/{rel}","templated":true}]}}