{"id":856,"date":"2026-01-26T10:33:20","date_gmt":"2026-01-26T10:33:20","guid":{"rendered":"https:\/\/massageme.fr\/?page_id=856"},"modified":"2026-02-14T11:03:54","modified_gmt":"2026-02-14T11:03:54","slug":"papouilles-tantriques-pour-femme","status":"publish","type":"page","link":"https:\/\/massageme.fr\/index.php\/papouilles-tantriques-pour-femme\/","title":{"rendered":"Papouilles tantriques pour femme"},"content":{"rendered":"\t\t<div data-elementor-type=\"wp-page\" data-elementor-id=\"856\" class=\"elementor elementor-856\">\n\t\t\t\t<div class=\"elementor-element elementor-element-42eff85 e-flex e-con-boxed e-con e-parent\" data-id=\"42eff85\" data-element_type=\"container\">\n\t\t\t\t\t<div class=\"e-con-inner\">\n\t\t\t\t<div class=\"elementor-element elementor-element-aec445b elementor-widget elementor-widget-heading\" data-id=\"aec445b\" data-element_type=\"widget\" data-widget_type=\"heading.default\">\n\t\t\t\t\t<h2 class=\"elementor-heading-title elementor-size-default\">Papouilles tantrique pour femmes by Ju<\/h2>\t\t\t\t<\/div>\n\t\t\t\t\t<\/div>\n\t\t\t\t<\/div>\n\t\t<div class=\"elementor-element elementor-element-38e5137 e-grid e-con-boxed e-con e-parent\" data-id=\"38e5137\" data-element_type=\"container\">\n\t\t\t\t\t<div class=\"e-con-inner\">\n\t\t\t\t<div class=\"elementor-element elementor-element-691aed2 elementor-widget elementor-widget-image\" data-id=\"691aed2\" data-element_type=\"widget\" data-widget_type=\"image.default\">\n\t\t\t\t\t\t\t\t\t\t\t\t\t\t\t<img fetchpriority=\"high\" decoding=\"async\" width=\"768\" height=\"1024\" src=\"http:\/\/massageme.fr\/wp-content\/uploads\/2026\/01\/IMG-20250626-WA0000-768x1024.jpg\" class=\"attachment-large size-large wp-image-859\" alt=\"\" srcset=\"http:\/\/massageme.fr\/wp-content\/uploads\/2026\/01\/IMG-20250626-WA0000-768x1024.jpg 768w, http:\/\/massageme.fr\/wp-content\/uploads\/2026\/01\/IMG-20250626-WA0000-225x300.jpg 225w, http:\/\/massageme.fr\/wp-content\/uploads\/2026\/01\/IMG-20250626-WA0000-1152x1536.jpg 1152w, http:\/\/massageme.fr\/wp-content\/uploads\/2026\/01\/IMG-20250626-WA0000.jpg 1200w\" sizes=\"(max-width: 768px) 100vw, 768px\" \/>\t\t\t\t\t\t\t\t\t\t\t\t\t\t\t<\/div>\n\t\t\t\t<div class=\"elementor-element elementor-element-8a89d77 elementor-widget elementor-widget-image\" data-id=\"8a89d77\" data-element_type=\"widget\" data-widget_type=\"image.default\">\n\t\t\t\t\t\t\t\t\t\t\t\t\t\t\t<img decoding=\"async\" width=\"1024\" height=\"1024\" src=\"http:\/\/massageme.fr\/wp-content\/uploads\/2025\/12\/yesforlov_lifestyle_plume_caresses_1-1024x1024.webp\" class=\"attachment-large size-large wp-image-443\" alt=\"\" srcset=\"http:\/\/massageme.fr\/wp-content\/uploads\/2025\/12\/yesforlov_lifestyle_plume_caresses_1-1024x1024.webp 1024w, http:\/\/massageme.fr\/wp-content\/uploads\/2025\/12\/yesforlov_lifestyle_plume_caresses_1-300x300.webp 300w, http:\/\/massageme.fr\/wp-content\/uploads\/2025\/12\/yesforlov_lifestyle_plume_caresses_1-150x150.webp 150w, http:\/\/massageme.fr\/wp-content\/uploads\/2025\/12\/yesforlov_lifestyle_plume_caresses_1-768x768.webp 768w, http:\/\/massageme.fr\/wp-content\/uploads\/2025\/12\/yesforlov_lifestyle_plume_caresses_1-1536x1536.webp 1536w, http:\/\/massageme.fr\/wp-content\/uploads\/2025\/12\/yesforlov_lifestyle_plume_caresses_1-2048x2048.webp 2048w\" sizes=\"(max-width: 1024px) 100vw, 1024px\" \/>\t\t\t\t\t\t\t\t\t\t\t\t\t\t\t<\/div>\n\t\t\t\t<div class=\"elementor-element elementor-element-edd50b5 elementor-widget elementor-widget-image\" data-id=\"edd50b5\" data-element_type=\"widget\" data-widget_type=\"image.default\">\n\t\t\t\t\t\t\t\t\t\t\t\t\t\t\t<img decoding=\"async\" width=\"768\" height=\"1024\" src=\"http:\/\/massageme.fr\/wp-content\/uploads\/2025\/12\/salon-6-768x1024.jpeg\" class=\"attachment-large size-large wp-image-724\" alt=\"\" srcset=\"http:\/\/massageme.fr\/wp-content\/uploads\/2025\/12\/salon-6-768x1024.jpeg 768w, http:\/\/massageme.fr\/wp-content\/uploads\/2025\/12\/salon-6-225x300.jpeg 225w, http:\/\/massageme.fr\/wp-content\/uploads\/2025\/12\/salon-6-1152x1536.jpeg 1152w, http:\/\/massageme.fr\/wp-content\/uploads\/2025\/12\/salon-6.jpeg 1536w\" sizes=\"(max-width: 768px) 100vw, 768px\" \/>\t\t\t\t\t\t\t\t\t\t\t\t\t\t\t<\/div>\n\t\t\t\t\t<\/div>\n\t\t\t\t<\/div>\n\t\t<div class=\"elementor-element elementor-element-7981ea0 e-flex e-con-boxed e-con e-parent\" data-id=\"7981ea0\" data-element_type=\"container\">\n\t\t\t\t\t<div class=\"e-con-inner\">\n\t\t\t\t<div class=\"elementor-element elementor-element-7041ca0 elementor-widget elementor-widget-heading\" data-id=\"7041ca0\" data-element_type=\"widget\" data-widget_type=\"heading.default\">\n\t\t\t\t\t<h2 class=\"elementor-heading-title elementor-size-default\">Introduction<\/h2>\t\t\t\t<\/div>\n\t\t\t\t<div class=\"elementor-element elementor-element-0838dc9 elementor-widget elementor-widget-text-editor\" data-id=\"0838dc9\" data-element_type=\"widget\" data-widget_type=\"text-editor.default\">\n\t\t\t\t\t\t\t\t\t<p>Bonjour \u00e0 toutes.<\/p><p>Je m&rsquo;appelle Julien et je suis le mari d&rsquo;Emeline.<\/p><p>Je vous propose une s\u00e9ance de papouilles tantriques <b>exclusivement r\u00e9serv\u00e9e aux femmes.<\/b><\/p><p>Les papouilles tantriques sont une invitation \u00e0 ralentir, \u00e0 ressentir, \u00e0 frissonner.<br \/>Par des mouvements infiniment lents et d\u00e9licats, r\u00e9alis\u00e9s du bout des doigts, elle vient effleurer la peau sans jamais la presser, laissant le corps s\u2019abandonner pleinement.<\/p><p>C&rsquo;est une exp\u00e9rience tr\u00e8s peu connue en France de relaxation profonde bas\u00e9e sur des mouvements extr\u00eamement lents, l\u00e9gers et d\u00e9licats.<\/p><p>Chaque geste est pens\u00e9 pour inviter le corps et l&rsquo;esprit \u00e0 l\u00e2cher prise, sans pression ni manipulation musculaire.<\/p>\t\t\t\t\t\t\t\t<\/div>\n\t\t\t\t\t<\/div>\n\t\t\t\t<\/div>\n\t\t<div class=\"elementor-element elementor-element-8ec8779 e-flex e-con-boxed e-con e-parent\" data-id=\"8ec8779\" data-element_type=\"container\">\n\t\t\t\t\t<div class=\"e-con-inner\">\n\t\t\t\t<div class=\"elementor-element elementor-element-5499bd4 elementor-widget elementor-widget-heading\" data-id=\"5499bd4\" data-element_type=\"widget\" data-widget_type=\"heading.default\">\n\t\t\t\t\t<h2 class=\"elementor-heading-title elementor-size-default\">Le d\u00e9roulement d'une s\u00e9ance de papouilles tantriques<\/h2>\t\t\t\t<\/div>\n\t\t\t\t<div class=\"elementor-element elementor-element-0fa773c elementor-widget elementor-widget-text-editor\" data-id=\"0fa773c\" data-element_type=\"widget\" data-widget_type=\"text-editor.default\">\n\t\t\t\t\t\t\t\t\t<p>La s\u00e9ance d\u00e9bute souvent au niveau du dos, l\u00e0 o\u00f9 naissent les premiers frissons, avant de se d\u00e9ployer progressivement sur l\u2019ensemble du corps. Chaque effleurement, presque imperceptible, r\u00e9veille les sensations, apaise le mental et provoque ces doux frissons qui parcourent la peau et invitent au l\u00e2cher-prise.<\/p>\t\t\t\t\t\t\t\t<\/div>\n\t\t\t\t\t<\/div>\n\t\t\t\t<\/div>\n\t\t<div class=\"elementor-element elementor-element-66c5954 e-flex e-con-boxed e-con e-parent\" data-id=\"66c5954\" data-element_type=\"container\">\n\t\t\t\t\t<div class=\"e-con-inner\">\n\t\t\t\t<div class=\"elementor-element elementor-element-e28691f elementor-widget elementor-widget-heading\" data-id=\"e28691f\" data-element_type=\"widget\" data-widget_type=\"heading.default\">\n\t\t\t\t\t<h2 class=\"elementor-heading-title elementor-size-default\">Mat\u00e9riel utilis\u00e9 pour la s\u00e9ance<\/h2>\t\t\t\t<\/div>\n\t\t\t\t\t<\/div>\n\t\t\t\t<\/div>\n\t\t<div class=\"elementor-element elementor-element-7fd7886 e-flex e-con-boxed e-con e-parent\" data-id=\"7fd7886\" data-element_type=\"container\">\n\t\t\t\t\t<div class=\"e-con-inner\">\n\t\t\t\t<div class=\"elementor-element elementor-element-8dabbbe elementor-widget elementor-widget-text-editor\" data-id=\"8dabbbe\" data-element_type=\"widget\" data-widget_type=\"text-editor.default\">\n\t\t\t\t\t\t\t\t\t<p>Diff\u00e9rents instruments sp\u00e9cialement con\u00e7us pour la papouille-tantrique sont utilis\u00e9s: plumes, plumeau,\u00a0 pinceaux, masseur de cuir chevelu, r\u00e2teaux, roulette, franges, bandeaux, peignes et autres instruments sensoriels. Ils glissent, fr\u00f4lent, caressent, cr\u00e9ant une palette de sensations subtiles qui \u00e9veillent la peau et plongent l&rsquo;esprit dans un \u00e9tat de profonde d\u00e9tente, proche de la m\u00e9ditation.<\/p>\t\t\t\t\t\t\t\t<\/div>\n\t\t\t\t<div class=\"elementor-element elementor-element-aa4f1a5 elementor-widget elementor-widget-heading\" data-id=\"aa4f1a5\" data-element_type=\"widget\" data-widget_type=\"heading.default\">\n\t\t\t\t\t<h2 class=\"elementor-heading-title elementor-size-default\">Les bienfaits des papouilles tantriques<\/h2>\t\t\t\t<\/div>\n\t\t\t\t<div class=\"elementor-element elementor-element-e014e17 elementor-widget elementor-widget-text-editor\" data-id=\"e014e17\" data-element_type=\"widget\" data-widget_type=\"text-editor.default\">\n\t\t\t\t\t\t\t\t\t<p>Les papouilles tantriques ne sont pas un massage au sens traditionnel. C\u2019est une exp\u00e9rience sensorielle, enveloppante et rassurante, pens\u00e9e pour apaiser, provoquer des frissons, reconnecter au corps et offrir un moment hors du temps, dans une bulle de douceur et de bienveillance.<\/p><p>Elles s&rsquo;adressent \u00e0 toute personne en qu\u00eate de relaxation, de reconnexion et de l\u00e2ch\u00e9 prise total dans un cadre bienveillant et respectueux.<\/p><p>Qui n&rsquo;a jamais r\u00eav\u00e9 de se faire papouiller pendant un long moment&#8230;<\/p>\t\t\t\t\t\t\t\t<\/div>\n\t\t\t\t<div class=\"elementor-element elementor-element-1853ca2 elementor-widget elementor-widget-heading\" data-id=\"1853ca2\" data-element_type=\"widget\" data-widget_type=\"heading.default\">\n\t\t\t\t\t<h2 class=\"elementor-heading-title elementor-size-default\">R\u00e8gles de conduite<\/h2>\t\t\t\t<\/div>\n\t\t\t\t<div class=\"elementor-element elementor-element-8094c0f elementor-widget elementor-widget-text-editor\" data-id=\"8094c0f\" data-element_type=\"widget\" data-widget_type=\"text-editor.default\">\n\t\t\t\t\t\t\t\t\t<p>Afin que ce moment d&rsquo;\u00e9vasion puisse \u00eatre v\u00e9cu dans des conditions optimales, merci de respecter ses quelques r\u00e8gles de conduite:<\/p><ul><li>Ponctualit\u00e9: bien arriver \u00e0 l&rsquo;heure du rendez-vous. Pour tout retard, je me r\u00e9serve le droit d&rsquo;\u00e9courter ou d&rsquo;annuler la s\u00e9ance afin de ne pas p\u00e9naliser la prochaine cliente,<\/li><li>Respect: Par respect pour le masseur ne cherchez pas \u00e0 caresser ce dernier,<\/li><li>Hygi\u00e8ne primordiale: Douche \u00e0 votre disposition et pilosit\u00e9 entretenue svp,<\/li><li>T\u00e9l\u00e9phone pr\u00e9alablement \u00e9teint ou en mode avion,<\/li><li>Se rendre au rendez-vous avec la somme totale du tarif demand\u00e9 sans n\u00e9gociation possible,<\/li><li>La prestation est en aucun cas un service sexuel. Merci d&rsquo;en tenir compte.\u00a0<\/li><\/ul>\t\t\t\t\t\t\t\t<\/div>\n\t\t\t\t<div class=\"elementor-element elementor-element-8988bbd elementor-widget elementor-widget-text-editor\" data-id=\"8988bbd\" data-element_type=\"widget\" data-widget_type=\"text-editor.default\">\n\t\t\t\t\t\t\t\t\t<p><strong>JE ME RESERVE LE DROIT D&rsquo;ANNULER OU ECOURTER UN RENDEZ-VOUS, SI IL Y A UN MANQUEMENT A CES REGLES<\/strong><\/p>\t\t\t\t\t\t\t\t<\/div>\n\t\t\t\t<div class=\"elementor-element elementor-element-4c04a9e elementor-mobile-align-center elementor-align-center elementor-invisible elementor-widget elementor-widget-button\" data-id=\"4c04a9e\" data-element_type=\"widget\" data-settings=\"{&quot;_animation&quot;:&quot;zoomIn&quot;}\" data-widget_type=\"button.default\">\n\t\t\t\t\t\t\t\t\t\t<a class=\"elementor-button elementor-button-link elementor-size-sm elementor-animation-wobble-vertical\" href=\"https:\/\/wa.me\/+33789099719\">\n\t\t\t\t\t\t<span class=\"elementor-button-content-wrapper\">\n\t\t\t\t\t\t\t\t\t<span class=\"elementor-button-text\">Prise de rendez-vous<\/span>\n\t\t\t\t\t<\/span>\n\t\t\t\t\t<\/a>\n\t\t\t\t\t\t\t\t<\/div>\n\t\t\t\t<div class=\"elementor-element elementor-element-0a71fd3 elementor-widget elementor-widget-heading\" data-id=\"0a71fd3\" data-element_type=\"widget\" data-widget_type=\"heading.default\">\n\t\t\t\t\t<h2 class=\"elementor-heading-title elementor-size-default\">Contact telephonique<\/h2>\t\t\t\t<\/div>\n\t\t\t\t\t<\/div>\n\t\t\t\t<\/div>\n\t\t\t\t<\/div>\n\t\t","protected":false},"excerpt":{"rendered":"<p>Papouilles tantrique pour femmes by Ju Introduction Bonjour \u00e0 toutes. Je m&rsquo;appelle Julien et je suis le mari d&rsquo;Emeline. Je vous propose une s\u00e9ance de papouilles tantriques exclusivement r\u00e9serv\u00e9e aux femmes. Les papouilles tantriques sont une invitation \u00e0 ralentir, \u00e0 ressentir, \u00e0 frissonner.Par des mouvements infiniment lents et d\u00e9licats, r\u00e9alis\u00e9s du bout des doigts, elle [&hellip;]<\/p>\n","protected":false},"author":1,"featured_media":0,"parent":0,"menu_order":0,"comment_status":"closed","ping_status":"closed","template":"elementor_header_footer","meta":{"iawp_total_views":164,"footnotes":""},"class_list":["post-856","page","type-page","status-publish","hentry"],"_links":{"self":[{"href":"https:\/\/massageme.fr\/index.php\/wp-json\/wp\/v2\/pages\/856","targetHints":{"allow":["GET"]}}],"collection":[{"href":"https:\/\/massageme.fr\/index.php\/wp-json\/wp\/v2\/pages"}],"about":[{"href":"https:\/\/massageme.fr\/index.php\/wp-json\/wp\/v2\/types\/page"}],"author":[{"embeddable":true,"href":"https:\/\/massageme.fr\/index.php\/wp-json\/wp\/v2\/users\/1"}],"replies":[{"embeddable":true,"href":"https:\/\/massageme.fr\/index.php\/wp-json\/wp\/v2\/comments?post=856"}],"version-history":[{"count":28,"href":"https:\/\/massageme.fr\/index.php\/wp-json\/wp\/v2\/pages\/856\/revisions"}],"predecessor-version":[{"id":942,"href":"https:\/\/massageme.fr\/index.php\/wp-json\/wp\/v2\/pages\/856\/revisions\/942"}],"wp:attachment":[{"href":"https:\/\/massageme.fr\/index.php\/wp-json\/wp\/v2\/media?parent=856"}],"curies":[{"name":"wp","href":"https:\/\/api.w.org\/{rel}","templated":true}]}}